f (16/4 - (-15)/b)*-44?
1
Suppose 4*i = 3*i + 5. Suppose 3*y = 4*y + i*p + 2, 0 = 3*p + 6. Suppose 2*z - 4*d - y = 0, 2 = -z - 5*d + d. What is the units digit of z?
2
Let y = -2187 - -4285. What is the thousands digit of y?
2
Let n(l) = 533*l**2 + 190*l - 579. What is the tens digit of n(3)?
8
Let i be ((-4)/(-12))/((-2)/(-138)). Let r = 28 - i. Let c(b) = 13*b - 16. What is the tens digit of c(r)?
4
Let t be -49*(1 - (1 - -1)). Suppose -90 = -f - 86. Suppose -f*y + 47 = -t. What is the units digit of y?
4
Suppose -29*m + 32*m - 642 = 0. What is the hundreds digit of m?
2
Suppose 0 = -17*a + 4197 + 172. What is the tens digit of a?
5
Suppose 2*n + 2 = -3*l + 1, -2 = -4*l - 2*n. Suppose -l*b - 31 = 143. Let h = 86 + b. What is the tens digit of h?
2
Suppose 34763 = 21*g - 9463. What is the thousands digit of g?
2
Suppose 0 = 4*g - 9*g - 285. What is the tens digit of (36/10)/(g/(-380))?
2
Suppose 4*z + 18 = 106. What is the tens digit of z?
2
Let f(d) = 56*d - 21. Suppose 147*q - 25 = 142*q. What is the tens digit of f(q)?
5
Suppose 2*y - 40 = 154. Let f = -80 - -21. Let s = f + y. What is the units digit of s?
8
Let l(n) = 168*n**3 - 3*n**2 + 4*n + 2. What is the units digit of l(2)?
2
Suppose -2*p + 3*d = -547, -d + 130 + 413 = 2*p. What is the hundreds digit of p?
2
Let s(l) = l**3 + 7*l**2 - l + 12. Let g(c) = 3*c**3 + 22*c**2 - 3*c + 35. Let x(o) = -4*g(o) + 11*s(o). What is the tens digit of x(-12)?
2
Suppose 6 = -3*r, 3*b = -0*b - r + 58. Let t(g) = g**3 - 20*g**2 + 2*g - 28. Let l be t(20). Suppose 5*w = w + l, z + 3*w = b. What is the tens digit of z?
1
Suppose 0 = 3*o - 1 - 8. Let z = 24 + o. Suppose 82 = 5*p + z. What is the units digit of p?
1
What is the tens digit of 2 - (-5156)/20 - 1/(-5)?
6
Let v(q) = -q**2 - 23*q + 8. Let f be v(-13). Let z = -69 + f. What is the units digit of z?
9
Let n(q) = -2*q + 1. Let z be n(0). Let o be -1 - z/((-4)/(-16)). What is the units digit of o - -2 - 136/(-2)?
5
Let r be (-87)/(-3) + (-25)/5. What is the tens digit of 5/(3 - (-70)/r*-1)?
6
Suppose -98*b + 3402 = -92*b. What is the units digit of b?
7
Let p be 23/(-7) - (-4)/14. Let r be (-6)/(6/p) + 33. Suppose 0 = -b - 9 + r. What is the units digit of b?
7
Let q(t) be the first derivative of -19*t**2/2 + t + 2. Let d be (-2 - -4)*-2*7/14. What is the tens digit of q(d)?
3
Let s = 10 + -13. Let z = 6 - s. Suppose -j = -z + 3. What is the units digit of j?
6
Suppose 3*g = 5*g - 8. Suppose -4*q = g*p, -4*q - 2 = p - q. What is the units digit of p?
1
Suppose -5*g = 2*h - 2481, 0 = -9*g + 6*g - 2*h + 1487. What is the tens digit of g?
9
Suppose -34707 = -22*v - v. What is the thousands digit of v?
1
Let a(d) = d**3 + 4*d**2 - 4*d - 2. Let v(z) = z**3 + 4*z**2 - 4*z - 3. Let q(l) = -3*a(l) + 2*v(l). What is the units digit of q(-6)?
8
Suppose 10*g - 12 = 7*g. Suppose -14 = -3*b + r + 4, b - g*r + 5 = 0. What is the units digit of b?
7
Let w be (-3)/(-6)*2 - -2. Let f(b) = 2*b - 4. Let i be f(w). Let l(c) = 3*c**2 - 5*c + 1. What is the units digit of l(i)?
3
Suppose 89 = j + 2*c, 2*j - 3*c + 113 = 291. Let t = j + -6. What is the units digit of t?
3
Suppose 318 = 4*g - 254. What is the hundreds digit of g?
1
Let z(o) = o**2 - 7. Suppose 0 = -0*x + 3*x - 6. Suppose 2*s + 0*i = -x*i - 6, 27 = -5*s - i. What is the tens digit of z(s)?
2
Let s(a) be the first derivative of 11*a**2/2 - 4*a + 12. What is the units digit of s(1)?
7
Suppose -1883 = -11*q - 222. What is the hundreds digit of q?
1
Let u be 3/((-54)/4) - (-330)/27. Suppose -357 = -u*g + 3. What is the tens digit of g?
3
Let b be (-42)/(-49)*14/3. Let c be 2 + b/(-1) + 2. Suppose -4*d + 110 + 146 = c. What is the tens digit of d?
6
Suppose u - 4 = 8. Let q be 1 + (-11*u)/(-2). Suppose 3*b - 5 = q. What is the tens digit of b?
2
Suppose 0 = a - 2*j - 2353, -3*a + 3*j = -6*a + 7068. What is the tens digit of a?
5
Let w = 65 + -26. Let u = w - 31. Suppose -h - a = -12, -4*h - 3*a + u*a + 93 = 0. What is the tens digit of h?
1
Let a(w) = -w**3 + 19*w**2 + 80*w + 12. What is the units digit of a(21)?
0
Suppose t = -118 + 1596. What is the units digit of t?
8
Let r(f) = -3*f + 20 + 0*f + f. Suppose 14 = 4*v + 82. What is the tens digit of r(v)?
5
Suppose 0 = 2*a - 0 + 10, f - 787 = a. What is the hundreds digit of f?
7
What is the hundreds digit of 4/78*-3 + 14512/26?
5
What is the units digit of (-6)/((12/390)/(-1))?
5
What is the tens digit of (-38 - 56)*(-27)/2?
6
Let o = 12 - 17. Let t(h) = 3*h**3 + 4*h**2 - 16*h - 11. Let k(v) = v**3 + v**2 - 6*v - 4. Let w(j) = 11*k(j) - 4*t(j). What is the units digit of w(o)?
0
Suppose -3*f + 8 = f. Suppose -5*t + t + 41 = d, 17 = f*t - 3*d. What is the units digit of t?
0
What is the thousands digit of 11/(44/(-5752))*15/(-10)?
2
Let i(u) = -5*u**2 - 24*u + 2. Let y be i(-5). What is the units digit of -5*(-9 - 4)*y/(-1)?
5
Let d be ((-70)/(-4))/((-2)/(-12)). Let x be (-2 - -1)/(3/d). Let n = -15 - x. What is the tens digit of n?
2
What is the tens digit of (120/90)/(2/213)?
4
Let s(h) = h. Let q be s(2). Suppose -4*y = 2*x - 372, 3*x + y = -q*x + 921. What is the units digit of x?
4
Let v(y) = -y**2 - 8*y - 1. Let z be v(-5). Let x = z - -202. What is the tens digit of x?
1
Let v = 12 - -36. Let b be (-1140)/(-14) - v/112. Suppose 3*x - y = -0*y + b, -5*y = 0. What is the units digit of x?
7
Suppose 5*c - 2567 = 2*z, -c + 10*z - 9*z = -514. What is the units digit of c?
3
What is the hundreds digit of ((-228876)/52)/(-3) + 4/(-26)?
4
Let a(b) = -b**2 - 8*b - 7. Let w be a(-6). Suppose 0 = -w*z + 4*l + 62 - 22, -4*z + l = -32. Suppose 3*h - z*h + 195 = 0. What is the tens digit of h?
3
Let o be 18/54*(-1 - -2)*-9. Suppose h - 2*a = 7, 0 = 3*h + 2*a + 2 + 9. What is the tens digit of 2 - (h + -20 - o)?
2
Let k = 2 - 10. Let p be (-22)/33 + k/(-3). Suppose -p*g + g = -13. What is the units digit of g?
3
Suppose -3*p + o + 4451 = 0, -21*p - o = -23*p + 2969. What is the thousands digit of p?
1
Suppose -4*r + 6*h - 4*h + 2120 = 0, 2643 = 5*r + h. What is the tens digit of r?
2
Let c = -271 + 843. What is the tens digit of c?
7
What is the tens digit of ((-204)/36)/((-1)/846)?
9
Let y be (-7)/14 - 126/4. Let l be y/(-12) - (-6)/(-9). Suppose -l*c + 16 + 18 = 0. What is the units digit of c?
7
Suppose -2*h - 4*u = -206, 9*h - 503 = 4*h - 4*u. What is the tens digit of h?
9
Suppose 6*j - 76 = 908. Let q = 308 - j. What is the units digit of q?
4
Let o = 736 - 67. What is the tens digit of o?
6
Let i be (-6 - (7 + -12))*(1 - 8). What is the units digit of (-786)/(-4) + (55/10 - i)?
5
Let d(x) = 13*x + 71. Let r be d(25). Suppose r = -4*a + 1464. What is the units digit of a?
7
Let y = 45 - 51. What is the units digit of ((-144)/21)/(y/168)?
2
Let o = 12246 - 7527. What is the tens digit of o?
1
Suppose -5188 = -4*a - 4*m, -a - 4*a = -3*m - 6517. What is the hundreds digit of a?
3
Let d(p) = p**2 + 21*p - 9. Let g be d(-26). What is the hundreds digit of (g/(-3))/(2/(-4 - 2))?
1
Let f = 183 + 676. What is the tens digit of f?
5
Suppose 6*f - 4*f = -4. Let i = f + 5. Suppose k + 7 = n - 10, -5*n = -i*k - 79. What is the units digit of n?
4
Suppose -4*c + 719 = g, c + 4*g + 102 = 263. Suppose 3*i - c = 167. What is the units digit of i?
6
Let k be -1 + 2 + -1 + 3. Suppose -k*g + 0 = -3. What is the units digit of g?
1
Let y(w) be the first derivative of 5*w**2 - 42*w - 14. What is the units digit of y(12)?
8
Let j(b) be the third derivative of -b**6/30 + b**5/20 + 5*b**4/24 + b**3/3 - 17*b**2. What is the units digit of j(-2)?
6
Let p(y) be the first derivative of -5*y**3/3 - y**2 - 5*y + 3. Let u be p(3). What is the tens digit of ((-14)/8)/(2/u)?
4
Suppose 806 = 2*n - 3*l, 4*n = -3*l + 451 + 1143. Suppose 2*t = -5*q + 38 + 639, -5*t - n = -3*q. What is the tens digit of q?
3
Suppose 0 = -3*z + 12*z. Suppose h + w = -z*h + 125, -4*w + 8 = 0. What is the tens digit of h?
2
Let w be 1505/28 - 1/(-4). Let k = -82 + w. Let s = k - -72. What is the tens digit of s?
4
Suppose 31*w = 13243 + 17664. What is the units digit of w?
7
What is the units digit of ((-35330)/10)/(-1*(-4)/(-4))?
3
Let a(m) = 11*m**3 + m**2 - 8*m + 12. What is the hundreds digit of a(6)?
3
Suppose -2*f = 5*t - 7*f - 7410, 5*f = 2*t - 2964. What is the units digit of t?
2
What is the hundreds di